en r is divided by 22.
20
Let r(u) = 11*u + 52. Let h be r(-9). Let b be 2 + -1 + 79 - 0. Let d = b + h. Calculate the remainder when d is divided by 12.
9
What is the remainder when 4455/75 - 6/(-10) is divided by 31?
29
Let p = -1298 + 1365. Let x = 25 + -7. Calculate the remainder when p is divided by x.
13
Suppose 43*r + 40 = 48*r. Calculate the remainder when 103 is divided by r.
7
Let l(k) = -k**2 - 8*k. Let a = 15 + -12. What is the remainder when l(-5) is divided by 36/3 + -3 - a?
3
Suppose 3*t - 95 = h, -2*t + h + 0*h = -63. Let k = 2376 - 2369. What is the remainder when t is divided by k?
4
Suppose 0 = 2*h - p - 22 - 48, 4*h + 2*p - 132 = 0. Calculate the remainder when 92 is divided by h.
24
Suppose -i + 224 = 6*i. Let o = i - 29. What is the remainder when (o + 48)/(3 + -2) is divided by 13?
12
Suppose -y + 4*h = 5*h - 92, 0 = -y + 4*h + 107. What is the remainder when 189 is divided by y?
94
Suppose 3*y = -0*t - t + 26, -5*y + 50 = -5*t. Let i = 5 + -1. Calculate the remainder when y is divided by i.
1
Suppose 18 = -x + 3*x. Suppose s + 2*n = 4*s - x, 3*n = -s + 14. Suppose 3*m = i + 77, 0 = -s*m - i - 0*i + 139. What is the remainder when m is divided by 14?
13
Suppose 3*n = -n + 108. Let a(z) = -z**2 - z + 6. Let s be a(4). Let j = 92 - s. Calculate the remainder when j is divided by n.
25
Let f(j) = j - 5. Suppose 0*h + 4*h = 96. Let q = h - -3. Calculate the remainder when q is divided by f(15).
7
Let c(f) = -f**3 + f**2 - 33*f - 26. What is the remainder when c(-7) is divided by 13?
12
Let u(r) = 2*r**2 - r + 7. Calculate the remainder when u(-5) is divided by 22.
18
Let s be (-14)/21*(-6)/1. Let j = s - 1. Suppose 4*k + j*c = 71 + 335, -c = 3*k - 307. Calculate the remainder when k is divided by 26.
25
Let f(z) = 15*z - 26. Let y(c) = c**2 + 3*c + 15. Calculate the remainder when y(-6) is divided by f(3).
14
Calculate the remainder when 53 - -1 - (14 + (-20 - -4)) is divided by 23.
10
Let w = -371 - -403. Let p(j) = j**2 + j - 3. Calculate the remainder when w is divided by p(4).
15
Suppose -z = 3*h + 39 - 4, 4*h - 3*z = -51. Let m = h - -22. What is the remainder when 15 is divided by m?
5
Suppose 0 = -3*n - q + 195, -2*n - 6*q = -q - 143. What is the remainder when n is divided by 17?
13
Let f(k) = 14*k - 3. Let u(r) = -r**2 + 2*r + 7. Let w be u(-5). Let n = w + 42. Calculate the remainder when f(4) is divided by n.
11
Let n(r) = 43*r**2 + 3*r + 3. Let d be n(-2). Let s = -84 + d. Let j = -54 + s. Calculate the remainder when 60 is divided by j.
29
Let v(s) = s**3 - 28*s**2 - 56*s + 67. What is the remainder when v(30) is divided by 47?
46
Let b(d) = d**3 - 10*d**2 - 8*d + 22. Suppose -5*y - 15 = -70. Calculate the remainder when b(y) is divided by 30.
25
Suppose 3*y - 754 + 118 = 0. What is the remainder when y is divided by 43?
40
Let f be -7 + 13 + (0 - 3). Let r(x) = -x**3 + 3*x**2 + 3*x + 2. Calculate the remainder when 52 is divided by r(f).
8
Let i be (-17 + 15)*(-33)/2. Let o = i - 24. What is the remainder when 52 is divided by o?
7
Let s(y) = -2*y**2 + 5*y + 6. Let m be s(-3). Let n = m - -42. What is the remainder when n is divided by 9?
6
Let z(w) = 2*w**3 + 2*w**2 + 6*w - 7. What is the remainder when z(4) is divided by 65?
47
Let n(f) = 3*f**2 + 6*f - 5. Let p be n(4). Suppose t - 30 - p = 0. Suppose -o = -4*i + t, -o - 115 = -4*i - 6*o. What is the remainder when i is divided by 15?
10
Let u(x) = 28*x - 1017. What is the remainder when u(49) is divided by 17?
15
Let b = -2496 + 2522. Let t = -125 + 175. Suppose p - t = -4*p. What is the remainder when b is divided by p?
6
Let z be ((-820)/(-6))/(2/6). Suppose 0 = 43*r - 38*r - z. Calculate the remainder when r is divided by 14.
12
Let l(q) = 7*q**2 - 10*q - 18. Calculate the remainder when 33 is divided by l(-2).
3
Let j = 607 - 599. Calculate the remainder when 151 is divided by j.
7
Suppose 58*k - 2965 = 2951. Calculate the remainder when 913 is divided by k.
97
Suppose 0*w + 23*w - 546 = -3*w. What is the remainder when w is divided by 1 - (-2)/(2/11)?
9
Let w = -42 - -183. Suppose 0 = -2*y + 4*j - 28, -30 = 5*y + j - 3*j. Let n = y + 40. What is the remainder when w is divided by n?
33
Let r = 59 - 59. Calculate the remainder when 398/8 - r - (-4)/16 is divided by 26.
24
Suppose -19*u + 31*u - 2280 = 0. Calculate the remainder when u is divided by 13.
8
Let w(l) = -l**3 + 17*l**2 + l - 12. Let t be w(17). Suppose -3*p - s + 75 = 0, -t*p + 50 = -3*p - 4*s. Calculate the remainder when 122 is divided by p.
22
Let u = -13 + 22. Let t be 2/(-2 - -3) - u. Let s(l) = -2*l - 5. Calculate the remainder when 16 is divided by s(t).
7
Let l be ((-4)/6)/((-2)/9). Suppose -3*p = 4*k + 3, l*p - 6*k = -4*k + 15. Suppose 0 = 4*m - p*m - 11. What is the remainder when 43 is divided by m?
10
Suppose -5*l - 3*k + 1526 = 0, -4*l + 6*k = -6*l + 620. Calculate the remainder when l is divided by 22.
18
Let i(z) = -z. Let a be i(2). Let l(k) be the first derivative of -4*k**2 - k - 43. Calculate the remainder when 58 is divided by l(a).
13
Let a = -998 + 1004. Calculate the remainder when 236 is divided by a.
2
Let o = 8 + -5. Suppose h + n + 19 = 4*h, 0 = -3*h - 5*n - 5. Suppose -4*s + 99 = -o*u, -2*s + 4*s = h*u + 53. Calculate the remainder when 47 is divided by s.
23
Let g(m) = -6*m - 179. What is the remainder when g(-32) is divided by 3?
1
Suppose t - 3*m - 77 = -t, -2*t = m - 97. Calculate the remainder when t is divided by (-20)/6*(-192)/40.
14
Suppose q - 40 - 22 = 0. Suppose -97*y + 78 = -795. Calculate the remainder when q is divided by y.
8
Suppose -2*o + 3*o - 23 = 0. Let b = 4568 + -12238. What is the remainder when (-2 - 7/(-2))/((-177)/b) is divided by o?
19
Let b be (-78)/((-4 + 5)/1). Let x = b + 210. Suppose 3*f + 2*g - 96 = f, 3*f = 3*g + x. What is the remainder when f is divided by 25?
21
Let p(f) = 2*f**2 - 7*f + 15. What is the remainder when p(3) is divided by 1?
0
Let q(c) = -3*c**2 - 11*c + 5. Let n be q(-8). Let f be n/(-11) - 3*1. Calculate the remainder when 9 is divided by (18/21)/(f/21).
0
Let k be ((-6)/4)/(3/4). What is the remainder when (-8 - -103) + (-6)/(-3) is divided by (200/(-16))/(1/k)?
22
Suppose -x = -5*d - 3 + 32, -21 = 4*x - d. Let s be (-340)/16 + (-1)/x. Let b = s + 29. Calculate the remainder when 21 is divided by b.
5
Suppose -5*h + 151 + 14 = 0. Let u = -3 + 12. What is the remainder when h is divided by u?
6
Suppose 5*i = i + 252. Suppose -3*t + 102 = 2*n + 36, n = -4*t + 88. Calculate the remainder when i is divided by t.
19
Let d be (1 - -27)*(4 + (-9)/2). What is the remainder when ((-21)/d)/((-3)/(-84)) is divided by 22?
20
Suppose 600 = 3*m + 22*m. Calculate the remainder when 67 is divided by m.
19
Let n(c) = -c**2 - 54*c - 190. What is the remainder when 168 is divided by n(-50)?
8
Let r = 20 + -19. What is the remainder when 14 is divided by (5/15)/(r/12)?
2
Let x(n) = n**3 - 3*n**2 + 7*n - 13. What is the remainder when 139 is divided by x(5)?
67
Suppose 489 = -r + 1671. Calculate the remainder when r is divided by 32.
30
Let n = -496 + 538. Calculate the remainder when 57 is divided by n.
15
Suppose 0 = 5*s - 150. Let r be -2 - 0 - 1*-41. Suppose 0 = 4*j - y - r, -6*j + 75 = -j + 4*y. What is the remainder when s is divided by j?
8
Suppose 4*t - 116 = 72. Suppose 3*d + 4*r - 15 = t, d - 5*r = -11. Calculate the remainder when 27 is divided by d.
13
Let q = -34 + 81. Suppose 0 = n - 42 - 14. Let y = -39 + n. What is the remainder when q is divided by y?
13
Let r(p) = -37*p + 141. What is the remainder when 171 is divided by r(3)?
21
Let j = 63 + -42. Suppose -5*p = -0*l - l + j, -3*l - p = -63. Calculate the remainder when 2/((-2)/(-85)) - 2 is divided by l.
20
Let u be ((-6)/4)/(30/(-100)). Calculate the remainder when -25*(3/u)/(-1) is divided by ((-4)/3)/((-2)/6).
3
Suppose 0 = 4*k - 9*k - h + 391, 225 = 3*k + 3*h. What is the remainder when k is divided by 31?
17
Let k = -126 + 280. Calculate the remainder when k is divided by 31.
30
Suppose 0 = -33*m + 7373 + 1240. What is the remainder when m is divided by 50?
11
Suppose x - 285 = -4*x. Suppose -2*s - k - x = -7*s, 0 = -4*s + 5*k + 54. Suppose 0 = -10*a + 17*a - 224. Calculate the remainder when a is divided by s.
10
Let z = 1 - -4. Let y(v) = 2*v**2 - 8*